{"id":23,"date":"2020-08-06T08:28:01","date_gmt":"2020-08-06T08:28:01","guid":{"rendered":"http:\/\/osteosydan.fi\/?page_id=23"},"modified":"2025-06-25T12:02:43","modified_gmt":"2025-06-25T12:02:43","slug":"ajanvaraus","status":"publish","type":"page","link":"https:\/\/osteosydan.fi\/?page_id=23","title":{"rendered":"Hinnasto"},"content":{"rendered":"\t\t<div data-elementor-type=\"wp-page\" data-elementor-id=\"23\" class=\"elementor elementor-23\">\n\t\t\t\t\t\t<section class=\"elementor-section elementor-top-section elementor-element elementor-element-bdfdcee elementor-section-boxed elementor-section-height-default elementor-section-height-default\" data-id=\"bdfdcee\" data-element_type=\"section\" data-e-type=\"section\">\n\t\t\t\t\t\t<div class=\"elementor-container elementor-column-gap-default\">\n\t\t\t\t\t<div class=\"elementor-column elementor-col-100 elementor-top-column elementor-element elementor-element-399f369\" data-id=\"399f369\" data-element_type=\"column\" data-e-type=\"column\">\n\t\t\t<div class=\"elementor-widget-wrap elementor-element-populated\">\n\t\t\t\t\t\t<div class=\"elementor-element elementor-element-267c55b elementor-widget elementor-widget-text-editor\" data-id=\"267c55b\" data-element_type=\"widget\" data-e-type=\"widget\" data-widget_type=\"text-editor.default\">\n\t\t\t\t<div class=\"elementor-widget-container\">\n\t\t\t\t\t\t\t\t\t<ul>\n<li>Osteopatia&nbsp; &nbsp; 70\u20ac&nbsp;<br>Aikuiset ja yli 12-vuotiaat, kesto 45-60min<\/li>\n<\/ul>\n<ul>\n<li>Lasten osteopatia 60\u20ac <br>0-12-vuotiaat, kesto 45-60min, sis\u00e4lt\u00e4en aikaa vaipanvaihtoon yms.<\/li>\n<\/ul>\n<ul>\n<li>Yhteisk\u00e4ynti 110\u20ac<br>Kesto 90min. Yhteisaika soveltuu esim. \u00e4idin ja vauvan yhteiseksi ensik\u00e4ynniksi, kaksosten yhteisajaksi, tai huoltajalle ja alle kouluik\u00e4iselle lapselle.&nbsp;K\u00e4ynti etenee aina lapsen ehdoilla, joten huomioithan aikaa varatessasi, ett\u00e4 esimerkiksi itkuinen vauva voi kaivata syli\u00e4 silloinkin, kun olisi vanhemman vuoro olla hoidettavana. Kesto 90min.<\/li>\n<\/ul>\n<p><strong>Alennusryhm\u00e4t: <br><\/strong>Hiiden omaishoitajat &#8211; 10\u20ac normaalihinnoista.<br>Vihdin Pallon j\u00e4senet -10\u20ac normaalihinnoista.<\/p>\t\t\t\t\t\t\t\t<\/div>\n\t\t\t\t<\/div>\n\t\t\t\t\t<\/div>\n\t\t<\/div>\n\t\t\t\t\t<\/div>\n\t\t<\/section>\n\t\t\t\t<section class=\"elementor-section elementor-top-section elementor-element elementor-element-a60c5bb elementor-section-boxed elementor-section-height-default elementor-section-height-default\" data-id=\"a60c5bb\" data-element_type=\"section\" data-e-type=\"section\">\n\t\t\t\t\t\t<div class=\"elementor-container elementor-column-gap-default\">\n\t\t\t\t\t<div class=\"elementor-column elementor-col-100 elementor-top-column elementor-element elementor-element-6b3d53c\" data-id=\"6b3d53c\" data-element_type=\"column\" data-e-type=\"column\">\n\t\t\t<div class=\"elementor-widget-wrap elementor-element-populated\">\n\t\t\t\t\t\t<div class=\"elementor-element elementor-element-ed0a346 elementor-widget elementor-widget-text-editor\" data-id=\"ed0a346\" data-element_type=\"widget\" data-e-type=\"widget\" data-widget_type=\"text-editor.default\">\n\t\t\t\t<div class=\"elementor-widget-container\">\n\t\t\t\t\t\t\t\t\t<p>Maksuvaihtoehtoina korttimaksu, k\u00e4teinen ja <b>ePassi, Smartum ja Edenred<\/b>.\u00a0<span style=\"font-family: var( --e-global-typography-text-font-family ), Sans-serif; font-weight: var( --e-global-typography-text-font-weight ); font-size: 1rem;\">Varmistathan, ett\u00e4 ty\u00f6nantajasi on hyv\u00e4ksynyt terveysedut tarjoamiinsa ty\u00f6nantajaetuihin.<\/span><\/p><p><span style=\"color: #73492b;\">My\u00f6s lahjakortteja saatavana haluamallesi summalle. Kortin voit ostaa s\u00e4hk\u00f6isen\u00e4 tai pahvisena versiona. Maksun voit suorittaa paikan p\u00e4\u00e4ll\u00e4 tai verkkomaksuna. Laitathan viesti\u00e4, niin saat tarkemmat tiedot ostoa varten!<\/span><\/p>\t\t\t\t\t\t\t\t<\/div>\n\t\t\t\t<\/div>\n\t\t\t\t\t<\/div>\n\t\t<\/div>\n\t\t\t\t\t<\/div>\n\t\t<\/section>\n\t\t\t\t<section class=\"elementor-section elementor-top-section elementor-element elementor-element-462bad7 elementor-section-boxed elementor-section-height-default elementor-section-height-default\" data-id=\"462bad7\" data-element_type=\"section\" data-e-type=\"section\">\n\t\t\t\t\t\t<div class=\"elementor-container elementor-column-gap-default\">\n\t\t\t\t\t<div class=\"elementor-column elementor-col-50 elementor-top-column elementor-element elementor-element-9ce0a63\" data-id=\"9ce0a63\" data-element_type=\"column\" data-e-type=\"column\">\n\t\t\t<div class=\"elementor-widget-wrap elementor-element-populated\">\n\t\t\t\t\t\t<div class=\"elementor-element elementor-element-4fce840 elementor-widget elementor-widget-button\" data-id=\"4fce840\" data-element_type=\"widget\" data-e-type=\"widget\" data-widget_type=\"button.default\">\n\t\t\t\t<div class=\"elementor-widget-container\">\n\t\t\t\t\t\t\t\t\t<div class=\"elementor-button-wrapper\">\n\t\t\t\t\t<a class=\"elementor-button elementor-button-link elementor-size-md\" href=\"http:\/\/www.nettiaika.fi\/osteosydan\">\n\t\t\t\t\t\t<span class=\"elementor-button-content-wrapper\">\n\t\t\t\t\t\t\t\t\t<span class=\"elementor-button-text\">Varaa aika<\/span>\n\t\t\t\t\t<\/span>\n\t\t\t\t\t<\/a>\n\t\t\t\t<\/div>\n\t\t\t\t\t\t\t\t<\/div>\n\t\t\t\t<\/div>\n\t\t\t\t<div class=\"elementor-element elementor-element-aca54fb elementor-widget elementor-widget-text-editor\" data-id=\"aca54fb\" data-element_type=\"widget\" data-e-type=\"widget\" data-widget_type=\"text-editor.default\">\n\t\t\t\t<div class=\"elementor-widget-container\">\n\t\t\t\t\t\t\t\t\t<p>hanne(a)osteosydan.fi<br \/>040 154 2544<\/p>\t\t\t\t\t\t\t\t<\/div>\n\t\t\t\t<\/div>\n\t\t\t\t\t<\/div>\n\t\t<\/div>\n\t\t\t\t<div class=\"elementor-column elementor-col-50 elementor-top-column elementor-element elementor-element-e71b122\" data-id=\"e71b122\" data-element_type=\"column\" data-e-type=\"column\">\n\t\t\t<div class=\"elementor-widget-wrap\">\n\t\t\t\t\t\t\t<\/div>\n\t\t<\/div>\n\t\t\t\t\t<\/div>\n\t\t<\/section>\n\t\t\t\t<section class=\"elementor-section elementor-top-section elementor-element elementor-element-16f5c68 elementor-section-boxed elementor-section-height-default elementor-section-height-default\" data-id=\"16f5c68\" data-element_type=\"section\" data-e-type=\"section\">\n\t\t\t\t\t\t<div class=\"elementor-container elementor-column-gap-default\">\n\t\t\t\t\t<div class=\"elementor-column elementor-col-100 elementor-top-column elementor-element elementor-element-afc44f2\" data-id=\"afc44f2\" data-element_type=\"column\" data-e-type=\"column\">\n\t\t\t<div class=\"elementor-widget-wrap elementor-element-populated\">\n\t\t\t\t\t\t<div class=\"elementor-element elementor-element-58c5e4f elementor-widget elementor-widget-image\" data-id=\"58c5e4f\" data-element_type=\"widget\" data-e-type=\"widget\" data-widget_type=\"image.default\">\n\t\t\t\t<div class=\"elementor-widget-container\">\n\t\t\t\t\t\t\t\t\t\t\t\t\t\t\t<img fetchpriority=\"high\" decoding=\"async\" width=\"300\" height=\"300\" src=\"https:\/\/osteosydan.fi\/wp-content\/uploads\/2024\/01\/wellbeing-light-300x300.png\" class=\"attachment-medium size-medium wp-image-735\" alt=\"\" srcset=\"https:\/\/osteosydan.fi\/wp-content\/uploads\/2024\/01\/wellbeing-light-300x300.png 300w, https:\/\/osteosydan.fi\/wp-content\/uploads\/2024\/01\/wellbeing-light-1024x1024.png 1024w, https:\/\/osteosydan.fi\/wp-content\/uploads\/2024\/01\/wellbeing-light-150x150.png 150w, https:\/\/osteosydan.fi\/wp-content\/uploads\/2024\/01\/wellbeing-light-768x768.png 768w, https:\/\/osteosydan.fi\/wp-content\/uploads\/2024\/01\/wellbeing-light-1536x1536.png 1536w, https:\/\/osteosydan.fi\/wp-content\/uploads\/2024\/01\/wellbeing-light-2048x2048.png 2048w\" sizes=\"100vw\" \/>\t\t\t\t\t\t\t\t\t\t\t\t\t\t\t<\/div>\n\t\t\t\t<\/div>\n\t\t\t\t<div class=\"elementor-element elementor-element-4c71ed5 elementor-widget elementor-widget-image\" data-id=\"4c71ed5\" data-element_type=\"widget\" data-e-type=\"widget\" data-widget_type=\"image.default\">\n\t\t\t\t<div class=\"elementor-widget-container\">\n\t\t\t\t\t\t\t\t\t\t\t\t\t\t\t<img decoding=\"async\" width=\"300\" height=\"193\" src=\"https:\/\/osteosydan.fi\/wp-content\/uploads\/2025\/03\/Edenred_logo_CMYK_red-300x193.webp\" class=\"attachment-medium size-medium wp-image-898\" alt=\"\" srcset=\"https:\/\/osteosydan.fi\/wp-content\/uploads\/2025\/03\/Edenred_logo_CMYK_red-300x193.webp 300w, https:\/\/osteosydan.fi\/wp-content\/uploads\/2025\/03\/Edenred_logo_CMYK_red-1024x658.webp 1024w, https:\/\/osteosydan.fi\/wp-content\/uploads\/2025\/03\/Edenred_logo_CMYK_red-768x494.webp 768w, https:\/\/osteosydan.fi\/wp-content\/uploads\/2025\/03\/Edenred_logo_CMYK_red-1536x987.webp 1536w, https:\/\/osteosydan.fi\/wp-content\/uploads\/2025\/03\/Edenred_logo_CMYK_red.webp 1722w\" sizes=\"100vw\" \/>\t\t\t\t\t\t\t\t\t\t\t\t\t\t\t<\/div>\n\t\t\t\t<\/div>\n\t\t\t\t\t<\/div>\n\t\t<\/div>\n\t\t\t\t\t<\/div>\n\t\t<\/section>\n\t\t\t\t<section class=\"elementor-section elementor-top-section elementor-element elementor-element-cc9b41e elementor-section-boxed elementor-section-height-default elementor-section-height-default\" data-id=\"cc9b41e\" data-element_type=\"section\" data-e-type=\"section\">\n\t\t\t\t\t\t<div class=\"elementor-container elementor-column-gap-default\">\n\t\t\t\t\t<div class=\"elementor-column elementor-col-100 elementor-top-column elementor-element elementor-element-4483123\" data-id=\"4483123\" data-element_type=\"column\" data-e-type=\"column\">\n\t\t\t<div class=\"elementor-widget-wrap elementor-element-populated\">\n\t\t\t\t\t\t<div class=\"elementor-element elementor-element-8ed2ff1 elementor-widget elementor-widget-image\" data-id=\"8ed2ff1\" data-element_type=\"widget\" data-e-type=\"widget\" data-widget_type=\"image.default\">\n\t\t\t\t<div class=\"elementor-widget-container\">\n\t\t\t\t\t\t\t\t\t\t\t\t\t\t\t<img decoding=\"async\" width=\"300\" height=\"108\" src=\"https:\/\/osteosydan.fi\/wp-content\/uploads\/2025\/03\/smartum_part_epassi_W-1-300x108.png\" class=\"attachment-medium size-medium wp-image-899\" alt=\"\" srcset=\"https:\/\/osteosydan.fi\/wp-content\/uploads\/2025\/03\/smartum_part_epassi_W-1-300x108.png 300w, https:\/\/osteosydan.fi\/wp-content\/uploads\/2025\/03\/smartum_part_epassi_W-1-1024x370.png 1024w, https:\/\/osteosydan.fi\/wp-content\/uploads\/2025\/03\/smartum_part_epassi_W-1-768x278.png 768w, https:\/\/osteosydan.fi\/wp-content\/uploads\/2025\/03\/smartum_part_epassi_W-1-1536x555.png 1536w, https:\/\/osteosydan.fi\/wp-content\/uploads\/2025\/03\/smartum_part_epassi_W-1-2048x740.png 2048w\" sizes=\"100vw\" \/>\t\t\t\t\t\t\t\t\t\t\t\t\t\t\t<\/div>\n\t\t\t\t<\/div>\n\t\t\t\t\t<\/div>\n\t\t<\/div>\n\t\t\t\t\t<\/div>\n\t\t<\/section>\n\t\t\t\t<\/div>\n\t\t","protected":false},"excerpt":{"rendered":"<p>Osteopatia&nbsp; &nbsp; 70\u20ac&nbsp;Aikuiset ja yli 12-vuotiaat, kesto 45-60min Lasten osteopatia 60\u20ac 0-12-vuotiaat, kesto 45-60min, sis\u00e4lt\u00e4en aikaa vaipanvaihtoon yms. Yhteisk\u00e4ynti 110\u20acKesto 90min. Yhteisaika soveltuu esim. \u00e4idin ja vauvan yhteiseksi ensik\u00e4ynniksi, kaksosten yhteisajaksi, tai huoltajalle ja alle kouluik\u00e4iselle lapselle.&nbsp;K\u00e4ynti etenee aina lapsen ehdoilla, joten huomioithan aikaa varatessasi, ett\u00e4 esimerkiksi itkuinen vauva voi kaivata syli\u00e4 silloinkin, kun olisi &hellip; <\/p>\n<p class=\"link-more\"><a href=\"https:\/\/osteosydan.fi\/?page_id=23\" class=\"more-link\">Jatka lukemista<span class=\"screen-reader-text\"> &#8221;Hinnasto&#8221;<\/span><\/a><\/p>\n","protected":false},"author":1,"featured_media":0,"parent":0,"menu_order":0,"comment_status":"closed","ping_status":"closed","template":"","meta":{"footnotes":""},"class_list":["post-23","page","type-page","status-publish","hentry"],"_links":{"self":[{"href":"https:\/\/osteosydan.fi\/index.php?rest_route=\/wp\/v2\/pages\/23","targetHints":{"allow":["GET"]}}],"collection":[{"href":"https:\/\/osteosydan.fi\/index.php?rest_route=\/wp\/v2\/pages"}],"about":[{"href":"https:\/\/osteosydan.fi\/index.php?rest_route=\/wp\/v2\/types\/page"}],"author":[{"embeddable":true,"href":"https:\/\/osteosydan.fi\/index.php?rest_route=\/wp\/v2\/users\/1"}],"replies":[{"embeddable":true,"href":"https:\/\/osteosydan.fi\/index.php?rest_route=%2Fwp%2Fv2%2Fcomments&post=23"}],"version-history":[{"count":242,"href":"https:\/\/osteosydan.fi\/index.php?rest_route=\/wp\/v2\/pages\/23\/revisions"}],"predecessor-version":[{"id":953,"href":"https:\/\/osteosydan.fi\/index.php?rest_route=\/wp\/v2\/pages\/23\/revisions\/953"}],"wp:attachment":[{"href":"https:\/\/osteosydan.fi\/index.php?rest_route=%2Fwp%2Fv2%2Fmedia&parent=23"}],"curies":[{"name":"wp","href":"https:\/\/api.w.org\/{rel}","templated":true}]}}